{"id":6615,"date":"2018-09-20T11:38:43","date_gmt":"2018-09-20T11:38:43","guid":{"rendered":"http:\/\/4xled.com\/shop\/?page_id=6615"},"modified":"2018-12-21T15:57:13","modified_gmt":"2018-12-21T15:57:13","slug":"datenschutz-bestimmungen","status":"publish","type":"page","link":"http:\/\/4xled.com\/shop\/de\/datenschutz-bestimmungen\/","title":{"rendered":"Datenschutz-Bestimmungen"},"content":{"rendered":"<p><span style=\"font-weight: 400;\">Sehr geehrte Damen und Herren,<\/span><\/p>\n<p><span style=\"font-weight: 400;\">die geltenden Rechtsvorschriften zum Schutz personenbezogener Daten werden mit Wirkung vom 25. Mai 2018 ge\u00e4ndert. Denn die Allgemeine Verordnung vom 27. April 2016 \u00fcber den Schutz personenbezogener Daten (nachfolgend \u201eDSGVO&#8220; genannt) tritt in Kraft. Deshalb richten wir diese Informationen an unsere Kunden und potenzielle Kunden, um Sie dar\u00fcber zu informieren, wie wir ihre personenbezogenen Daten verarbeiten.<\/span><\/p>\n<p><b>Administrator der personenbezogener Daten<\/b><\/p>\n<p><span style=\"font-weight: 400;\">Der Administrator der personenbezogener Daten Ihrer personenbezogenen Daten, d.h. derjenige, der \u00fcber den Zweck und die Art der Verarbeitung Ihrer personenbezogenen Daten entscheidet, ist\u00a0LIRO Elektronika mit Sitz in Lebork, Adresse: ul. Topolowa 2A, PL-84300 Lebork (im Folgenden: LIRO genannt). Die Angabe der Daten ist freiwillig, aber notwendig, um einen Vertrag abzuschlie\u00dfen und sp\u00e4ter Dienstleistungen erbringen zu k\u00f6nnen.<\/span><\/p>\n<p><b>Einholung von Informationen \u00fcber die Verarbeitung personenbezogener Daten<\/b><\/p>\n<p><span style=\"font-weight: 400;\">Wenn Sie Fragen zum Schutz Ihrer personenbezogenen Daten haben, wenden Sie sich bitte an den Datenschutzbeauftragten unter info@4xled.com oder schriftlich an unseren Firmensitz.<\/span><\/p>\n<p><b>Erhebung von Daten und Zweck der Verarbeitung<\/b><\/p>\n<p><span style=\"font-weight: 400;\">Wir verarbeiten Ihre personenbezogenen Daten, weil sie f\u00fcr die Erf\u00fcllung des mit Ihnen geschlossenen Vertrages, d.h. f\u00fcr die Erbringung der Dienstleistung (gem\u00e4\u00df Artikel 6 Absatz 1 Buchstabe b) DSGVO), erforderlich sind, darunter:<\/span><\/p>\n<ul>\n<li style=\"font-weight: 400;\"><span style=\"font-weight: 400;\">die Registrierung des Nutzers im Bestellsystem und die Sicherstellung der Bedienung des Nutzers, einschlie\u00dflich der Pr\u00e4sentation des Produktangebots und der Ausf\u00fchrung der Bestellung (gem\u00e4\u00df Art. 6 Abs. 1 lit. B DSGVO);<\/span><\/li>\n<li style=\"font-weight: 400;\"><span style=\"font-weight: 400;\">Pr\u00fcfung von Beschwerden und Reklamationen (gem. Art. 6 Abs. 1 lit. C DSGVO);<\/span><\/li>\n<li style=\"font-weight: 400;\"><span style=\"font-weight: 400;\">Geltendmachung von Anspr\u00fcchen in Verbindung mit dem abgeschlossenen Versicherungsvertrag (gem. Art. 6 Abs. 1 lit. F DSGVO), wo es rechtlich begr\u00fcndet ist, den Zweck der Geltendmachung von Anspr\u00fcchen zu befolgen;<\/span><\/li>\n<li style=\"font-weight: 400;\"><span style=\"font-weight: 400;\">Archivierungszwecke (gem. Art. 6 Abs. 1 lit. C DSGVO);<\/span><\/li>\n<li style=\"font-weight: 400;\"><span style=\"font-weight: 400;\">statistische Zwecke (gem. Art. 6 Abs. 1 lit. F DSGVO), wo der rechtlich begr\u00fcndeter Zweck des Administrators ist, die Informationen \u00fcber die Statistiken der von uns ergriffenen Ma\u00dfnahmen zu haben, was uns erm\u00f6glicht, die von uns ausgef\u00fchrte T\u00e4tigkeit zu verbessern.<\/span><\/li>\n<\/ul>\n<p><span style=\"font-weight: 400;\">Dar\u00fcber hinaus sind wir gesetzlich verpflichtet, Ihre Daten f\u00fcr steuerliche und buchhalterische Zwecke zu verarbeiten.<\/span><\/p>\n<p><span style=\"font-weight: 400;\">Dar\u00fcber hinaus k\u00f6nnen wir Ihre Daten f\u00fcr Marketingzwecke, d.h. zur Bewerbung unserer Produkte und Dienstleistungen, verarbeiten. Wenn wir dies ohne den Einsatz elektronischer Kommunikationsmittel tun, ist die Rechtsgrundlage f\u00fcr solche Aktivit\u00e4ten Artikel 6 Absatz 1 lit. b DSGVO, wenn das legitime Ziel des Administrators darin besteht, Marketingaktivit\u00e4ten durchzuf\u00fchren. Sofern wir zu diesem Zweck jedoch aufgrund anderer zwingender gesetzlicher Vorschriften elektronische Kommunikationsmittel, z.B. E-Mail, Telefon, nutzen, verarbeiten wir die Daten nur auf der Grundlage Ihrer Einwilligung (gem\u00e4\u00df Artikel 6 Abs. 1 lit. A DSGVO).<\/span><\/p>\n<p><b>Datenempf\u00e4nger<\/b><\/p>\n<p><span style=\"font-weight: 400;\">Ihre personenbezogenen Daten k\u00f6nnen an andere Stellen weitergegeben werden, die Ihre Daten in ihrem eigenen Namen verarbeiten, einschlie\u00dflich, aber nicht beschr\u00e4nkt auf:<\/span><\/p>\n<ul>\n<li style=\"font-weight: 400;\"><span style=\"font-weight: 400;\">Post- oder Kurierunternehmen;<\/span><\/li>\n<li style=\"font-weight: 400;\"><span style=\"font-weight: 400;\">Banken- um unrechtm\u00e4\u00dfige Zahlungen zur\u00fcckzuerstatten;<\/span><\/li>\n<li style=\"font-weight: 400;\"><span style=\"font-weight: 400;\">Beh\u00f6rden oder andere juristische Personen zur Erf\u00fcllung unserer Aufgaben (Finanzamt, Strafverfolgungsbeh\u00f6rden, etc.);<\/span><\/li>\n<li style=\"font-weight: 400;\"><span style=\"font-weight: 400;\">Unternehmen, die unsere IT-Systeme betreiben (Hosting-Unternehmen, IT-Dienstleister);<\/span><\/li>\n<li style=\"font-weight: 400;\"><span style=\"font-weight: 400;\">Unternehmen, die f\u00fcr uns die Dienstleistungen in Bezug auf Rechtsbeistand, Buchhaltung, Steuern oder Beratung erbringen.<\/span><\/li>\n<\/ul>\n<p><b>Dauer der Speicherung Ihrer Daten<\/b><\/p>\n<p><span style=\"font-weight: 400;\">Ihre personenbezogenen Daten werden so lange gespeichert, wie der Vertrag (Dienstleistung) in Kraft ist und auch nach dessen Abschluss:<\/span><\/p>\n<ul>\n<li style=\"font-weight: 400;\"><span style=\"font-weight: 400;\">In den Vertr\u00e4gen enthaltene Daten &#8211; bis zur Verj\u00e4hrung von Anspr\u00fcchen aus dem Vertrag (maximal 10 Jahre ab Beendigung der Vertragserf\u00fcllung);<\/span><\/li>\n<li style=\"font-weight: 400;\"><span style=\"font-weight: 400;\">F\u00fcr die sich aus den gesetzlichen Vorschriften ergebenden Zwecke, insbesondere Pflicht zur Aufbewahrung von Buchhaltungsunterlagen, Rechnungsstellung usw.;<\/span><\/li>\n<li style=\"font-weight: 400;\"><span style=\"font-weight: 400;\">Unterlagen zur Gew\u00e4hrleistung und Reklamation werden 1 Jahr nach Ablauf der Gew\u00e4hrleistung bzw. nach Abwicklung der Reklamation aufbewahrt;<\/span><\/li>\n<li style=\"font-weight: 400;\"><span style=\"font-weight: 400;\">Daten f\u00fcr Marketingzwecke:<\/span><\/li>\n<li style=\"font-weight: 400;\"><span style=\"font-weight: 400;\">im Falle einer Verarbeitung auf der Grundlage einer Einwilligung, bis diese Einwilligung widerrufen worden ist;<\/span><\/li>\n<li style=\"font-weight: 400;\"><span style=\"font-weight: 400;\">im Falle einer Verarbeitung auf der Grundlage des rechtm\u00e4\u00dfigen Zwecks der LIRO, bis ein Widerspruch eingelegt worden ist;<\/span><\/li>\n<li style=\"font-weight: 400;\"><span style=\"font-weight: 400;\">&#8211; f\u00fcr die Verj\u00e4hrungsfrist m\u00f6glicher Anspr\u00fcche (maximal 3 Jahre).gelegt worden ist;<\/span><\/li>\n<\/ul>\n<p><b>Berechtigungen im Bereich der Datenverarbeitung<\/b><\/p>\n<p><span style=\"font-weight: 400;\">Sie haben das Recht auf Zugang zum Inhalt Ihrer Daten und das Recht auf Berichtigung, L\u00f6schung, Einschr\u00e4nkung der Verarbeitung, das Recht auf Daten\u00fcbermittlung, das Recht auf Widerspruch, das Recht auf jederzeitigen Widerruf der Einwilligung, unabh\u00e4ngig von der \u00dcbereinstimmung der Verarbeitung mit den Rechtsvorschriften, wobei die Verarbeitung auf Grundlage der Einwilligung vor deren Widerruf erfolgt ist (sofern die Daten auf der Grundlage der Einwilligung verarbeitet werden).<\/span><\/p>\n<p><span style=\"font-weight: 400;\">Wenn Sie dar\u00fcber hinaus der Ansicht sind, dass die von uns durchgef\u00fchrte Verarbeitung gegen die Bestimmungen von DSGVO verst\u00f6\u00dft, haben Sie das Recht, eine Beschwerde bei der Aufsichtsbeh\u00f6rde im Bereich des Datenschutzes einzureichen.<\/span><\/p>\n<p><b>Automatisierte Datenverarbeitung (Profiling)<\/b><\/p>\n<p><span style=\"font-weight: 400;\">Ihre personenbezogenen Daten werden automatisch (auch in Form eines Profils) verarbeitet, was jedoch keine rechtlichen Auswirkungen auf Sie und Ihre Situation hat.<\/span><\/p>\n<p><span style=\"font-weight: 400;\">Das Profiling der personenbezogenen Daten durch LIRO beinhaltet die Verarbeitung Ihrer Daten (auch automatisiert), indem diese zur Auswertung bestimmter Informationen, insbesondere zur Analyse oder Vorhersage pers\u00f6nlicher Pr\u00e4ferenzen und Interessen, verwendet werden.<\/span><\/p>\n<p>&nbsp;<\/p>\n<p>&nbsp;<\/p>\n","protected":false},"excerpt":{"rendered":"<p>Sehr geehrte Damen und Herren, die geltenden Rechtsvorschriften zum Schutz personenbezogener Daten werden mit Wirkung vom 25. Mai 2018 ge\u00e4ndert. Denn die Allgemeine Verordnung vom 27. April 2016 \u00fcber den Schutz personenbezogener Daten (nachfolgend \u201eDSGVO&#8220; genannt) tritt in Kraft. Deshalb richten wir diese Informationen an unsere Kunden und potenzielle Kunden, um Sie dar\u00fcber zu informieren, [&#8230;]\n","protected":false},"author":1,"featured_media":0,"parent":0,"menu_order":0,"comment_status":"closed","ping_status":"open","template":"","meta":{"footnotes":""},"_links":{"self":[{"href":"http:\/\/4xled.com\/shop\/de\/wp-json\/wp\/v2\/pages\/6615\/"}],"collection":[{"href":"http:\/\/4xled.com\/shop\/de\/wp-json\/wp\/v2\/pages\/"}],"about":[{"href":"http:\/\/4xled.com\/shop\/de\/wp-json\/wp\/v2\/types\/page\/"}],"author":[{"embeddable":true,"href":"http:\/\/4xled.com\/shop\/de\/wp-json\/wp\/v2\/users\/1\/"}],"replies":[{"embeddable":true,"href":"http:\/\/4xled.com\/shop\/de\/wp-json\/wp\/v2\/comments\/?post=6615"}],"version-history":[{"count":7,"href":"http:\/\/4xled.com\/shop\/de\/wp-json\/wp\/v2\/pages\/6615\/revisions\/"}],"predecessor-version":[{"id":6668,"href":"http:\/\/4xled.com\/shop\/de\/wp-json\/wp\/v2\/pages\/6615\/revisions\/6668\/"}],"wp:attachment":[{"href":"http:\/\/4xled.com\/shop\/de\/wp-json\/wp\/v2\/media\/?parent=6615"}],"curies":[{"name":"wp","href":"https:\/\/api.w.org\/{rel}","templated":true}]}}

<p><span style="font-weight: 400;">Sehr geehrte Damen und Herren,</span></p>
<p><span style="font-weight: 400;">die geltenden Rechtsvorschriften zum Schutz personenbezogener Daten werden mit Wirkung vom 25. Mai 2018 geändert. Denn die Allgemeine Verordnung vom 27. April 2016 über den Schutz personenbezogener Daten (nachfolgend „DSGVO&#8220; genannt) tritt in Kraft. Deshalb richten wir diese Informationen an unsere Kunden und potenzielle Kunden, um Sie darüber zu informieren, wie wir ihre personenbezogenen Daten verarbeiten.</span></p>
<p><b>Administrator der personenbezogener Daten</b></p>
<p><span style="font-weight: 400;">Der Administrator der personenbezogener Daten Ihrer personenbezogenen Daten, d.h. derjenige, der über den Zweck und die Art der Verarbeitung Ihrer personenbezogenen Daten entscheidet, ist LIRO Elektronika mit Sitz in Lebork, Adresse: ul. Topolowa 2A, PL-84300 Lebork (im Folgenden: LIRO genannt). Die Angabe der Daten ist freiwillig, aber notwendig, um einen Vertrag abzuschließen und später Dienstleistungen erbringen zu können.</span></p>
<p><b>Einholung von Informationen über die Verarbeitung personenbezogener Daten</b></p>
<p><span style="font-weight: 400;">Wenn Sie Fragen zum Schutz Ihrer personenbezogenen Daten haben, wenden Sie sich bitte an den Datenschutzbeauftragten unter info@4xled.com oder schriftlich an unseren Firmensitz.</span></p>
<p><b>Erhebung von Daten und Zweck der Verarbeitung</b></p>
<p><span style="font-weight: 400;">Wir verarbeiten Ihre personenbezogenen Daten, weil sie für die Erfüllung des mit Ihnen geschlossenen Vertrages, d.h. für die Erbringung der Dienstleistung (gemäß Artikel 6 Absatz 1 Buchstabe b) DSGVO), erforderlich sind, darunter:</span></p>
<ul>
<li style="font-weight: 400;"><span style="font-weight: 400;">die Registrierung des Nutzers im Bestellsystem und die Sicherstellung der Bedienung des Nutzers, einschließlich der Präsentation des Produktangebots und der Ausführung der Bestellung (gemäß Art. 6 Abs. 1 lit. B DSGVO);</span></li>
<li style="font-weight: 400;"><span style="font-weight: 400;">Prüfung von Beschwerden und Reklamationen (gem. Art. 6 Abs. 1 lit. C DSGVO);</span></li>
<li style="font-weight: 400;"><span style="font-weight: 400;">Geltendmachung von Ansprüchen in Verbindung mit dem abgeschlossenen Versicherungsvertrag (gem. Art. 6 Abs. 1 lit. F DSGVO), wo es rechtlich begründet ist, den Zweck der Geltendmachung von Ansprüchen zu befolgen;</span></li>
<li style="font-weight: 400;"><span style="font-weight: 400;">Archivierungszwecke (gem. Art. 6 Abs. 1 lit. C DSGVO);</span></li>
<li style="font-weight: 400;"><span style="font-weight: 400;">statistische Zwecke (gem. Art. 6 Abs. 1 lit. F DSGVO), wo der rechtlich begründeter Zweck des Administrators ist, die Informationen über die Statistiken der von uns ergriffenen Maßnahmen zu haben, was uns ermöglicht, die von uns ausgeführte Tätigkeit zu verbessern.</span></li>
</ul>
<p><span style="font-weight: 400;">Darüber hinaus sind wir gesetzlich verpflichtet, Ihre Daten für steuerliche und buchhalterische Zwecke zu verarbeiten.</span></p>
<p><span style="font-weight: 400;">Darüber hinaus können wir Ihre Daten für Marketingzwecke, d.h. zur Bewerbung unserer Produkte und Dienstleistungen, verarbeiten. Wenn wir dies ohne den Einsatz elektronischer Kommunikationsmittel tun, ist die Rechtsgrundlage für solche Aktivitäten Artikel 6 Absatz 1 lit. b DSGVO, wenn das legitime Ziel des Administrators darin besteht, Marketingaktivitäten durchzuführen. Sofern wir zu diesem Zweck jedoch aufgrund anderer zwingender gesetzlicher Vorschriften elektronische Kommunikationsmittel, z.B. E-Mail, Telefon, nutzen, verarbeiten wir die Daten nur auf der Grundlage Ihrer Einwilligung (gemäß Artikel 6 Abs. 1 lit. A DSGVO).</span></p>
<p><b>Datenempfänger</b></p>
<p><span style="font-weight: 400;">Ihre personenbezogenen Daten können an andere Stellen weitergegeben werden, die Ihre Daten in ihrem eigenen Namen verarbeiten, einschließlich, aber nicht beschränkt auf:</span></p>
<ul>
<li style="font-weight: 400;"><span style="font-weight: 400;">Post- oder Kurierunternehmen;</span></li>
<li style="font-weight: 400;"><span style="font-weight: 400;">Banken- um unrechtmäßige Zahlungen zurückzuerstatten;</span></li>
<li style="font-weight: 400;"><span style="font-weight: 400;">Behörden oder andere juristische Personen zur Erfüllung unserer Aufgaben (Finanzamt, Strafverfolgungsbehörden, etc.);</span></li>
<li style="font-weight: 400;"><span style="font-weight: 400;">Unternehmen, die unsere IT-Systeme betreiben (Hosting-Unternehmen, IT-Dienstleister);</span></li>
<li style="font-weight: 400;"><span style="font-weight: 400;">Unternehmen, die für uns die Dienstleistungen in Bezug auf Rechtsbeistand, Buchhaltung, Steuern oder Beratung erbringen.</span></li>
</ul>
<p><b>Dauer der Speicherung Ihrer Daten</b></p>
<p><span style="font-weight: 400;">Ihre personenbezogenen Daten werden so lange gespeichert, wie der Vertrag (Dienstleistung) in Kraft ist und auch nach dessen Abschluss:</span></p>
<ul>
<li style="font-weight: 400;"><span style="font-weight: 400;">In den Verträgen enthaltene Daten &#8211; bis zur Verjährung von Ansprüchen aus dem Vertrag (maximal 10 Jahre ab Beendigung der Vertragserfüllung);</span></li>
<li style="font-weight: 400;"><span style="font-weight: 400;">Für die sich aus den gesetzlichen Vorschriften ergebenden Zwecke, insbesondere Pflicht zur Aufbewahrung von Buchhaltungsunterlagen, Rechnungsstellung usw.;</span></li>
<li style="font-weight: 400;"><span style="font-weight: 400;">Unterlagen zur Gewährleistung und Reklamation werden 1 Jahr nach Ablauf der Gewährleistung bzw. nach Abwicklung der Reklamation aufbewahrt;</span></li>
<li style="font-weight: 400;"><span style="font-weight: 400;">Daten für Marketingzwecke:</span></li>
<li style="font-weight: 400;"><span style="font-weight: 400;">im Falle einer Verarbeitung auf der Grundlage einer Einwilligung, bis diese Einwilligung widerrufen worden ist;</span></li>
<li style="font-weight: 400;"><span style="font-weight: 400;">im Falle einer Verarbeitung auf der Grundlage des rechtmäßigen Zwecks der LIRO, bis ein Widerspruch eingelegt worden ist;</span></li>
<li style="font-weight: 400;"><span style="font-weight: 400;">&#8211; für die Verjährungsfrist möglicher Ansprüche (maximal 3 Jahre).gelegt worden ist;</span></li>
</ul>
<p><b>Berechtigungen im Bereich der Datenverarbeitung</b></p>
<p><span style="font-weight: 400;">Sie haben das Recht auf Zugang zum Inhalt Ihrer Daten und das Recht auf Berichtigung, Löschung, Einschränkung der Verarbeitung, das Recht auf Datenübermittlung, das Recht auf Widerspruch, das Recht auf jederzeitigen Widerruf der Einwilligung, unabhängig von der Übereinstimmung der Verarbeitung mit den Rechtsvorschriften, wobei die Verarbeitung auf Grundlage der Einwilligung vor deren Widerruf erfolgt ist (sofern die Daten auf der Grundlage der Einwilligung verarbeitet werden).</span></p>
<p><span style="font-weight: 400;">Wenn Sie darüber hinaus der Ansicht sind, dass die von uns durchgeführte Verarbeitung gegen die Bestimmungen von DSGVO verstößt, haben Sie das Recht, eine Beschwerde bei der Aufsichtsbehörde im Bereich des Datenschutzes einzureichen.</span></p>
<p><b>Automatisierte Datenverarbeitung (Profiling)</b></p>
<p><span style="font-weight: 400;">Ihre personenbezogenen Daten werden automatisch (auch in Form eines Profils) verarbeitet, was jedoch keine rechtlichen Auswirkungen auf Sie und Ihre Situation hat.</span></p>
<p><span style="font-weight: 400;">Das Profiling der personenbezogenen Daten durch LIRO beinhaltet die Verarbeitung Ihrer Daten (auch automatisiert), indem diese zur Auswertung bestimmter Informationen, insbesondere zur Analyse oder Vorhersage persönlicher Präferenzen und Interessen, verwendet werden.</span></p>
<p>&nbsp;</p>
<p>&nbsp;</p>

<p>Sehr geehrte Damen und Herren, die geltenden Rechtsvorschriften zum Schutz personenbezogener Daten werden mit Wirkung vom 25. Mai 2018 geändert. Denn die Allgemeine Verordnung vom 27. April 2016 über den Schutz personenbezogener Daten (nachfolgend „DSGVO&#8220; genannt) tritt in Kraft. Deshalb richten wir diese Informationen an unsere Kunden und potenzielle Kunden, um Sie darüber zu informieren, [&#8230;]
